t is the remainder when 1786225 is divided by 430?
5
Calculate the remainder when 1243 is divided by 1223.
20
Calculate the remainder when 7281 is divided by 3638.
5
Calculate the remainder when 91466 is divided by 756.
746
Calculate the remainder when 5456 is divided by 196.
164
What is the remainder when 2540 is divided by 589?
184
Calculate the remainder when 82773 is divided by 52.
41
What is the remainder when 80168 is divided by 18?
14
What is the remainder when 68146 is divided by 240?
226
Calculate the remainder when 1594 is divided by 475.
169
Calculate the remainder when 8332 is divided by 4100.
132
What is the remainder when 166758 is divided by 63?
60
Calculate the remainder when 274953 is divided by 325.
3
What is the remainder when 318450 is divided by 8?
2
Calculate the remainder when 60389 is divided by 544.
5
What is the remainder when 525 is divided by 429?
96
Calculate the remainder when 65473 is divided by 1678.
31
What is the remainder when 90847 is divided by 173?
22
Calculate the remainder when 3647 is divided by 55.
17
What is the remainder when 15182 is divided by 58?
44
Calculate the remainder when 463094 is divided by 214.
212
Calculate the remainder when 43064 is divided by 222.
218
What is the remainder when 437 is divided by 255?
182
Calculate the remainder when 13265 is divided by 4403.
56
What is the remainder when 756504 is divided by 52?
8
What is the remainder when 15277236 is divided by 20?
16
What is the remainder when 12261 is divided by 143?
106
Calculate the remainder when 4602 is divided by 353.
13
What is the remainder when 2165 is divided by 720?
5
What is the remainder when 1233556 is divided by 23?
20
Calculate the remainder when 2456 is divided by 148.
88
What is the remainder when 4768 is divided by 1040?
608
Calculate the remainder when 764 is divided by 354.
56
What is the remainder when 33359 is divided by 124?
3
What is the remainder when 3156968 is divided by 546?
542
Calculate the remainder when 145890 is divided by 16202.
72
Calculate the remainder when 493304 is divided by 84.
56
Calculate the remainder when 4733 is divided by 237.
230
What is the remainder when 127113 is divided by 13?
12
Calculate the remainder when 150632 is divided by 150628.
4
What is the remainder when 61902 is divided by 48?
30
Calculate the remainder when 2351 is divided by 7.
6
What is the remainder when 4761 is divided by 1157?
133
What is the remainder when 374 is divided by 64?
54
Calculate the remainder when 214022 is divided by 318.
8
Calculate the remainder when 52120 is divided by 4343.
4
Calculate the remainder when 12662 is divided by 274.
58
Calculate the remainder when 60659 is divided by 1957.
1949
Calculate the remainder when 268210 is divided by 803.
8
What is the remainder when 2947 is divided by 225?
22
Calculate the remainder when 12635 is divided by 1389.
134
Calculate the remainder when 100552 is divided by 595.
592
Calculate the remainder when 12285 is divided by 64.
61
What is the remainder when 267671 is divided by 45?
11
What is the remainder when 15441 is divided by 772?
1
What is the remainder when 1958975 is divided by 119?
116
Calculate the remainder when 12796 is divided by 9.
7
Calculate the remainder when 29276 is divided by 145.
131
Calculate the remainder when 23029 is divided by 5754.
13
What is the remainder when 7099 is divided by 2313?
160
What is the remainder when 10725 is divided by 675?
600
What is the remainder when 1924 is divided by 561?
241
What is the remainder when 38391 is divided by 29?
24
Calculate the remainder when 55426 is divided by 13848.
34
Calculate the remainder when 578 is divided by 79.
25
What is the remainder when 1913 is divided by 25?
13
What is the remainder when 739 is divided by 200?
139
What is the remainder when 197621 is divided by 197609?
12
Calculate the remainder when 6845 is divided by 25.
20
Calculate the remainder when 75572 is divided by 6295.
32
Calculate the remainder when 119 is divided by 55.
9
What is the remainder when 2362203 is divided by 33?
30
What is the remainder when 14736 is divided by 427?
218
What is the remainder when 55495 is divided by 161?
111
Calculate the remainder when 4368 is divided by 436.
8
What is the remainder when 50496 is divided by 163?
129
What is the remainder when 938 is divided by 829?
109
Calculate the remainder when 316007 is divided by 231.
230
What is the remainder when 9440 is divided by 278?
266
Calculate the remainder when 101318 is divided by 18.
14
What is the remainder when 25226 is divided by 37?
29
Calculate the remainder when 12597 is divided by 207.
177
Calculate the remainder when 33890 is divided by 30.
20
What is the remainder when 186642 is divided by 606?
600
Calculate the remainder when 4084634 is divided by 15.
14
What is the remainder when 2196 is divided by 200?
196
Calculate the remainder when 670 is divided by 220.
10
Calculate the remainder when 4352 is divided by 905.
732
Calculate the remainder when 23 is divided by 8.
7
What is the remainder when 137509 is divided by 105?
64
What is the remainder when 14564 is divided by 2080?
4
Calculate the remainder when 83437 is divided by 149.
146
Calculate the remainder when 1858 is divided by 440.
98
What is the remainder when 684 is divided by 179?
147
What is the remainder when 140336 is divided by 10?
6
Calculate the remainder when 4767 is divided by 1483.
318
Calculate the remainder when 8724 is divided by 190.
174
What is the remainder when 54588 is divided by 18191?
15
What is the remainder when 3081 is divided by 283?
251
What is the remainder when 4855 is divided by 57?
10
Calculate the remainder when 82464 is divided by 17.
14
What is the remainder when 79195 is divided by 12?
7
What is the remainder when 4508 is divided by 1424?
236
What is the remainder when 653167 is divided by 490?
487
Calculate the remainder when 227851 is divided by 37971.
25
Calculate the remainder when 16533 is divided by 1099.
48
Calculate the remainder when 8790263 is divided by 905.
903
Calculate the remainder when 1185 is divided by 236.
5
What is the remainder when 1453 is divided by 479?
16
What is the remainder when 31917 is divided by 277?
62
Calculate the remainder when 22352 is divided by 40.
32
Calculate the remainder when 20105 is divided by 211.
60
What is the remainder when 50286 is divided by 1856?
174
What is the remainder when 2978 is divided by 159?
116
What is the remainder when 1484 is divided by 147?
14
Calculate the remainder when 21407 is divided by 10688.
31
Calculate the remainder when 13907 is divided by 273.
257
Calculate the remainder when 58462 is divided by 19483.
13
Calculate the remainder when 3437 is divided by 86.
83
What is the remainder when 85986 is divided by 95?
11
What is the remainder when 2767 is divided by 2696?
71
Calculate the remainder when 359006 is divided by 129.
128
What is the remainder when 458981 is divided by 1011?
998
What is the remainder when 1306874 is divided by 1275?
1274
What is the remainder when 1758986 is divided by 11?
9
Calculate the remainder when 2272 is divided by 619.
415
Calculate the remainder when 2270 is divided by 520.
190
Calculate the remainder when 30262 is divided by 103.
83
Calculate the remainder when 3259 is divided by 994.
277
What is the remainder when 4091 is divided by 82?
73
What is the remainder when 3442 is divided by 183?
148
Calculate the remainder when 3030 is divided by 433.
432
What is the remainder when 8967 is divided by 1345?
897
What is the remainder when 81947 is divided by 81939?
8
Calculate the remainder when 2266 is divided by 43.
30
Calculate the remainder when 153292 is divided by 819.
139
What is the remainder when 3503 is divided by 3488?
15
Calculate the remainder when 1378 is divided by 815.
563
What is the remainder when 1495825 is divided by 92?
89
What is the remainder when 20021 is divided by 2859?
8
Calculate the remainder when 33945 is divided by 16965.
15
What is the remainder when 975 is divided by 742?
233
Calculate the remainder when 50977 is divided by 51.
28
What is the remainder when 72621 is divided by 538?
529
What is the remainder when 394966 is divided by 233?
31
Calculate the remainder when 84918 is divided by 28260.
138
Ca